ighest common divisor of 44 and 836.
44
Calculate the highest common divisor of 319 and 377.
29
Calculate the greatest common factor of 1038 and 18.
6
Calculate the greatest common factor of 378 and 84.
42
Calculate the greatest common divisor of 1 and 177.
1
Calculate the greatest common divisor of 1112 and 40.
8
Calculate the greatest common divisor of 296 and 518.
74
What is the highest common divisor of 15 and 135?
15
What is the highest common divisor of 3 and 7023?
3
Calculate the greatest common factor of 60 and 270.
30
What is the greatest common factor of 32307 and 267?
267
What is the greatest common divisor of 1240 and 120?
40
What is the greatest common divisor of 28780 and 20?
20
Calculate the highest common factor of 8 and 512.
8
Calculate the highest common factor of 763 and 7.
7
What is the greatest common divisor of 217 and 93?
31
Calculate the highest common divisor of 3 and 381.
3
Calculate the highest common factor of 664 and 8.
8
Calculate the greatest common factor of 4975 and 50.
25
What is the highest common factor of 702 and 13?
13
What is the greatest common factor of 10561 and 59?
59
Calculate the highest common divisor of 20 and 64.
4
Calculate the highest common factor of 30 and 2406.
6
What is the highest common factor of 91 and 28?
7
Calculate the highest common factor of 24 and 1016.
8
Calculate the greatest common divisor of 624 and 72.
24
What is the highest common divisor of 222 and 144?
6
Calculate the highest common divisor of 45 and 2895.
15
Calculate the greatest common divisor of 7 and 37.
1
Calculate the greatest common factor of 224 and 48.
16
What is the highest common divisor of 7920 and 9108?
396
What is the highest common factor of 79016 and 332?
332
Calculate the greatest common factor of 35641 and 29.
29
Calculate the highest common divisor of 1118 and 26.
26
What is the greatest common factor of 113289 and 33?
33
Calculate the greatest common divisor of 78792 and 21.
21
Calculate the highest common divisor of 377 and 26.
13
What is the highest common divisor of 3080 and 110?
110
What is the highest common factor of 65 and 104?
13
Calculate the highest common factor of 172 and 5504.
172
Calculate the highest common divisor of 48 and 7472.
16
Calculate the highest common factor of 76 and 1216.
76
Calculate the greatest common divisor of 345 and 30.
15
What is the greatest common factor of 156 and 20?
4
Calculate the greatest common divisor of 65 and 39.
13
What is the highest common divisor of 86 and 1118?
86
What is the greatest common factor of 1740 and 58?
58
What is the highest common factor of 126 and 1218?
42
What is the highest common divisor of 10878 and 147?
147
Calculate the highest common factor of 988 and 52.
52
What is the highest common divisor of 696 and 2349?
87
Calculate the highest common divisor of 159 and 2597.
53
Calculate the greatest common factor of 352 and 288.
32
What is the greatest common divisor of 4 and 500?
4
Calculate the highest common divisor of 1500 and 725.
25
Calculate the highest common divisor of 144 and 112.
16
What is the highest common factor of 9 and 2?
1
What is the greatest common divisor of 18755 and 341?
341
Calculate the highest common divisor of 13851 and 228.
57
Calculate the highest common divisor of 75 and 200.
25
Calculate the greatest common factor of 12 and 4.
4
What is the greatest common divisor of 48 and 228?
12
Calculate the highest common factor of 152 and 7904.
152
Calculate the highest common factor of 32 and 4488.
8
Calculate the highest common divisor of 189 and 21.
21
Calculate the greatest common divisor of 61836 and 24.
12
What is the highest common factor of 67350 and 150?
150
Calculate the highest common divisor of 2884 and 84.
28
What is the highest common divisor of 76 and 2641?
19
Calculate the greatest common factor of 33 and 264.
33
What is the greatest common factor of 47 and 22?
1
Calculate the greatest common factor of 518 and 42.
14
What is the highest common divisor of 6270 and 30?
30
Calculate the greatest common divisor of 15 and 573.
3
Calculate the greatest common divisor of 75 and 120.
15
What is the highest common factor of 102 and 17?
17
What is the highest common factor of 945 and 70?
35
Calculate the greatest common divisor of 4178 and 14.
2
Calculate the greatest common divisor of 170 and 20.
10
What is the greatest common divisor of 765 and 18?
9
What is the highest common factor of 1604 and 8?
4
What is the greatest common factor of 68 and 1972?
68
What is the greatest common factor of 9 and 387?
9
Calculate the greatest common divisor of 936 and 25584.
312
What is the greatest common factor of 187 and 527?
17
Calculate the highest common divisor of 21 and 21.
21
Calculate the highest common factor of 385 and 165.
55
Calculate the highest common divisor of 84 and 210.
42
Calculate the greatest common factor of 3 and 309.
3
What is the greatest common factor of 31 and 527?
31
Calculate the highest common divisor of 264 and 59928.
264
Calculate the highest common divisor of 17 and 272.
17
What is the highest common factor of 1773 and 9?
9
Calculate the greatest common factor of 12698 and 28.
14
What is the greatest common divisor of 18 and 1422?
18
Calculate the highest common factor of 17741 and 157.
157
Calculate the highest common divisor of 7061 and 115.
23
Calculate the highest common divisor of 54 and 522.
18
What is the highest common divisor of 351 and 26?
13
What is the highest common divisor of 5905 and 5?
5
Calculate the greatest common divisor of 508 and 11.
1
Calculate the greatest common divisor of 522 and 864.
18
Calculate the greatest common factor of 38 and 38.
38
What is the highest common divisor of 273 and 616?
7
Calculate the highest common divisor of 2220 and 30.
30
Calculate the greatest common factor of 136 and 8296.
136
What is the highest common factor of 1079 and 208?
13
What is the highest common divisor of 36 and 1116?
36
What is the greatest common divisor of 1200 and 432?
48
Calculate the greatest common factor of 360 and 2760.
120
Calculate the greatest common factor of 682 and 22.
22
Calculate the highest common factor of 8120 and 80.
40
What is the highest common factor of 57 and 855?
57
Calculate the highest common factor of 1 and 73.
1
What is the greatest common divisor of 2414 and 1190?
34
Calculate the highest common factor of 10860 and 60.
60
What is the greatest common divisor of 351 and 65?
13
What is the greatest common divisor of 608 and 266?
38
What is the highest common factor of 180 and 63?
9
What is the greatest common divisor of 18 and 50?
2
What is the highest common factor of 2 and 7?
1
Calculate the greatest common factor of 46 and 253.
23
Calculate the greatest common factor of 41 and 328.
41
Calculate the highest common factor of 26 and 351.
13
What is the greatest common factor of 270 and 570?
30
What is the greatest common factor of 90 and 225?
45
Calculate the greatest common divisor of 380 and 20.
20
What is the highest common divisor of 2200 and 300?
100
What is the greatest common divisor of 10215 and 227?
227
What is the highest common divisor of 6 and 5?
1
What is the greatest common factor of 2418 and 341?
31
What is the highest common divisor of 2320 and 80?
80
Calculate the greatest common divisor of 175 and 125.
25
Calculate the highest common divisor of 264 and 984.
24
Calculate the greatest common factor of 63 and 1113.
21
What is the greatest common divisor of 5962 and 11?
11
Calculate the greatest common divisor of 2952 and 468.
36
What is the greatest common divisor of 187 and 17?
17
Calculate the greatest common divisor of 20 and 160.
20
What is the greatest common factor of 162 and 405?
81
Calculate the greatest common divisor of 800 and 480.
160
What is the greatest common divisor of 106 and 1643?
53
What is the highest common divisor of 56 and 728?
56
What is the greatest common divisor of 3193 and 31?
31
What is the highest common divisor of 38 and 10?
2
Calculate the greatest common divisor of 184 and 23.
23
Calculate the greatest common factor of 832 and 1560.
104
What is the highest common factor of 79 and 6241?
79
Calculate the highest common factor of 33 and 528.
33
What is the highest common divisor of 50 and 13925?
25
What 